{"id":2948,"date":"2021-01-24T14:46:45","date_gmt":"2021-01-24T13:46:45","guid":{"rendered":"https:\/\/www.cituro.com\/help\/?page_id=2948"},"modified":"2025-08-01T21:03:17","modified_gmt":"2025-08-01T19:03:17","slug":"bewertungswidget-und-google-sterne","status":"publish","type":"page","link":"https:\/\/www.cituro.com\/help\/bewertungssystem\/bewertungswidget-und-google-sterne","title":{"rendered":"Bewertungswidget und Google Sterne"},"content":{"rendered":"<p>[et_pb_section fb_built=&#8220;1&#8243; specialty=&#8220;on&#8220; module_class=&#8220; et_pb_specialty_fullwidth&#8220; _builder_version=&#8220;3.22&#8243; inner_width=&#8220;89%&#8220; inner_width_tablet=&#8220;80%&#8220; inner_width_phone=&#8220;&#8220; inner_width_last_edited=&#8220;on|desktop&#8220; inner_max_width=&#8220;89%&#8220; inner_max_width_tablet=&#8220;80%&#8220; inner_max_width_phone=&#8220;&#8220; inner_max_width_last_edited=&#8220;on|desktop&#8220; make_fullwidth=&#8220;on&#8220; global_colors_info=&#8220;{}&#8220;][et_pb_column type=&#8220;1_4&#8243; _builder_version=&#8220;3.25&#8243; custom_padding=&#8220;|||&#8220; global_colors_info=&#8220;{}&#8220; custom_padding__hover=&#8220;|||&#8220;][et_pb_sidebar area=&#8220;sidebar-1&#8243; disabled_on=&#8220;on|on|off&#8220; _builder_version=&#8220;3.29.3&#8243; custom_padding=&#8220;50px|||&#8220; global_colors_info=&#8220;{}&#8220;][\/et_pb_sidebar][\/et_pb_column][et_pb_column type=&#8220;3_4&#8243; specialty_columns=&#8220;3&#8243; _builder_version=&#8220;3.25&#8243; custom_padding=&#8220;|||&#8220; global_colors_info=&#8220;{}&#8220; custom_padding__hover=&#8220;|||&#8220;][et_pb_row_inner admin_label=&#8220;Zeile&#8220; _builder_version=&#8220;3.25&#8243; global_colors_info=&#8220;{}&#8220;][et_pb_column_inner saved_specialty_column_type=&#8220;3_4&#8243; _builder_version=&#8220;3.25&#8243; custom_padding=&#8220;|||&#8220; global_colors_info=&#8220;{}&#8220; custom_padding__hover=&#8220;|||&#8220;][et_pb_text admin_label=&#8220;Bewertungswidget\/-snippet inklusive Google Sterne&#8220; _builder_version=&#8220;3.29.3&#8243; global_colors_info=&#8220;{}&#8220;]<\/p>\n<h1>Bewertungswidget und -snippet inklusive Google Sterne<\/h1>\n<p>[\/et_pb_text][et_pb_text _builder_version=&#8220;4.14.5&#8243; global_colors_info=&#8220;{}&#8220;]<\/p>\n<p>Mit unseren Bewertungswidget oder -snippet k\u00f6nnen Sie nicht nur Ihre Bewertungen auf Ihrer Website ver\u00f6ffentlichen, Sie erhalten auch automatisch Google Sterne in den Suchergebnissen.<\/p>\n<p>Sie haben bestimmt schon einmal die Bewertungssterne gesehen, die unter den Suchergebnissen angezeigt werden:<\/p>\n<p>[\/et_pb_text][et_pb_image src=&#8220;https:\/\/www.cituro.com\/help\/wp-content\/uploads\/2021\/01\/bewertungen-google-suchergebnisse.png&#8220; alt=&#8220;Google Sterne in den Suchergebnissen&#8220; title_text=&#8220;Google Sterne in den Suchergebnissen&#8220; align_tablet=&#8220;center&#8220; align_phone=&#8220;&#8220; align_last_edited=&#8220;on|desktop&#8220; _builder_version=&#8220;4.14.5&#8243; width=&#8220;100%&#8220; max_width=&#8220;700px&#8220; module_alignment=&#8220;center&#8220; custom_margin=&#8220;||||false|false&#8220; custom_padding=&#8220;||||false|false&#8220; hover_enabled=&#8220;0&#8243; box_shadow_style=&#8220;preset2&#8243; box_shadow_horizontal=&#8220;4px&#8220; box_shadow_vertical=&#8220;4px&#8220; global_colors_info=&#8220;{}&#8220; sticky_enabled=&#8220;0&#8243;][\/et_pb_image][et_pb_text _builder_version=&#8220;4.14.5&#8243; global_colors_info=&#8220;{}&#8220;]<\/p>\n<p class=\"notice blue\"><strong>Hinweis:<\/strong> Die Anzeige der Sterne in den Suchergebnissen kann nicht garantiert werden, denn Google entscheidet ob und wann Bewertungen zu Ihrer Seite angezeigt werden. Google zeigt Sterne in den Suchergebnissen grunds\u00e4tzlich <strong>nicht<\/strong> auf Startseiten wie <i>https:\/\/www.ihre-seite.de<\/i> an, sondern lediglich auf Unterseiten wie bspw. <i>https:\/\/www.ihre-seite.de\/eine-leistung<\/i>. Es kann mehrere Tage dauern bis Ihre Google Sterne in den Suchergebnissen erscheinen.<\/p>\n<p><\/p>\n<p>Sie m\u00f6chten ebenfalls von den Google Sternen profitieren? Dann binden Sie entweder unser Bewertungswidget oder unser Bewertungssnippet auf Ihrer Website ein!<\/p>\n<p><\/p>\n<p>\n<a href=\"#widget\">1. Bewertungswidget einbinden<\/a><br \/>\n<a href=\"#snippet\">2. Bewertungssnippet einbinden<\/a>\n<\/p>\n<p>[\/et_pb_text][et_pb_text _builder_version=&#8220;3.29.3&#8243; global_colors_info=&#8220;{}&#8220;]<\/p>\n<p class=\"notice blue\"><strong>Hinweis:<\/strong> Diese Funktion steht Ihnen in der Testphase leider nicht zur Verf\u00fcgung! Aktivieren Sie Ihren cituro Account bevor Sie mit den Anleitungen fortfahren.<\/p>\n<p>[\/et_pb_text][\/et_pb_column_inner][\/et_pb_row_inner][et_pb_row_inner admin_label=&#8220;Zeile&#8220; _builder_version=&#8220;3.25&#8243; global_colors_info=&#8220;{}&#8220;][et_pb_column_inner saved_specialty_column_type=&#8220;3_4&#8243; _builder_version=&#8220;3.25&#8243; custom_padding=&#8220;|||&#8220; global_colors_info=&#8220;{}&#8220; custom_padding__hover=&#8220;|||&#8220;][et_pb_divider color=&#8220;#555555&#8243; _builder_version=&#8220;3.5.1&#8243; global_colors_info=&#8220;{}&#8220;][\/et_pb_divider][\/et_pb_column_inner][\/et_pb_row_inner][et_pb_row_inner admin_label=&#8220;Zeile&#8220; _builder_version=&#8220;3.25&#8243; global_colors_info=&#8220;{}&#8220;][et_pb_column_inner saved_specialty_column_type=&#8220;3_4&#8243; _builder_version=&#8220;3.25&#8243; custom_padding=&#8220;|||&#8220; global_colors_info=&#8220;{}&#8220; custom_padding__hover=&#8220;|||&#8220;][et_pb_text admin_label=&#8220;1. Bewertungswidget einbinden&#8220; _builder_version=&#8220;3.29.3&#8243; global_colors_info=&#8220;{}&#8220;]<\/p>\n<h2 class=\"text-content-heading\" id=\"widget\">1. Bewertungswidget einbinden<\/h2>\n<p>[\/et_pb_text][et_pb_text _builder_version=&#8220;4.14.5&#8243; global_colors_info=&#8220;{}&#8220;]<\/p>\n<p><strong>Men\u00fc<\/strong> \u2192 <strong>Erweitert<\/strong> \u2192 <strong>Bewertungssystem<\/strong>  \u2192 <strong><\/> Bewertungswidgets<\/strong> \u2192 <strong>Floating Widget ausw\u00e4hlen<\/strong><\/p>\n<p>Legen Sie fest, wie das Floating Widget auf Ihrer Website dargestellt werden soll. Nachdem Sie Ihre Wunschvariante ausgew\u00e4hlt haben, klicken Sie anschlie\u00dfend auf den Code. Dieser wird automatisch in die Zwischenablage kopiert und Sie k\u00f6nnen diesen entweder in den Header oder in ein beliebiges Code-Element auf Ihrer Website einf\u00fcgen.<\/p>\n<p>[\/et_pb_text][et_pb_image src=&#8220;https:\/\/www.cituro.com\/help\/wp-content\/uploads\/2021\/01\/bewertungswidget.png&#8220; alt=&#8220;Bewertungswidget auf Webseite Beispiel eingeklappt&#8220; align=&#8220;center&#8220; _builder_version=&#8220;4.14.5&#8243; max_width=&#8220;700px&#8220; hover_enabled=&#8220;0&#8243; global_colors_info=&#8220;{}&#8220; sticky_enabled=&#8220;0&#8243;][\/et_pb_image][et_pb_image src=&#8220;https:\/\/www.cituro.com\/help\/wp-content\/uploads\/2021\/01\/bewertungswidget-offen.png&#8220; alt=&#8220;Bewertungswidget auf Website Beispiel ausgeklappt&#8220; align=&#8220;center&#8220; _builder_version=&#8220;4.14.5&#8243; max_width=&#8220;700px&#8220; hover_enabled=&#8220;0&#8243; global_colors_info=&#8220;{}&#8220; sticky_enabled=&#8220;0&#8243;][\/et_pb_image][\/et_pb_column_inner][\/et_pb_row_inner][et_pb_row_inner admin_label=&#8220;Zeile&#8220; _builder_version=&#8220;3.25&#8243; global_colors_info=&#8220;{}&#8220;][et_pb_column_inner saved_specialty_column_type=&#8220;3_4&#8243; _builder_version=&#8220;3.25&#8243; custom_padding=&#8220;|||&#8220; global_colors_info=&#8220;{}&#8220; custom_padding__hover=&#8220;|||&#8220;][et_pb_divider color=&#8220;#555555&#8243; _builder_version=&#8220;3.5.1&#8243; global_colors_info=&#8220;{}&#8220;][\/et_pb_divider][\/et_pb_column_inner][\/et_pb_row_inner][et_pb_row_inner admin_label=&#8220;Zeile&#8220; _builder_version=&#8220;3.25&#8243; global_colors_info=&#8220;{}&#8220;][et_pb_column_inner saved_specialty_column_type=&#8220;3_4&#8243; _builder_version=&#8220;3.25&#8243; custom_padding=&#8220;|||&#8220; global_colors_info=&#8220;{}&#8220; custom_padding__hover=&#8220;|||&#8220;][et_pb_text admin_label=&#8220;2. Bewertungssnippet einbingen&#8220; _builder_version=&#8220;3.29.3&#8243; global_colors_info=&#8220;{}&#8220;]<\/p>\n<h2 class=\"text-content-heading\" id=\"snippet\">2. Bewertungssnippet einbingen<\/h2>\n<p>[\/et_pb_text][et_pb_text _builder_version=&#8220;4.14.5&#8243; global_colors_info=&#8220;{}&#8220;]<\/p>\n<p><strong>Men\u00fc<\/strong> \u2192 <strong>Erweitert<\/strong> \u2192 <strong>Bewertungssystem<\/strong>  \u2192 <strong><\/> Bewertungswidgets<\/strong> \u2192 <strong>Floating Widget ausw\u00e4hlen<\/strong><\/p>\n<p>Legen Sie fest, wie das Bewertungswidget auf Ihrer Website dargestellt werden soll. W\u00e4hlen Sie Ihre Wunschvariante aus und klicken Sie anschlie\u00dfend auf den Code. Dieser wird automatisch in die Zwischenablage kopiert und Sie k\u00f6nnen diesen nun an einer beliebigen Stelle auf Ihre Website (z.B. in ein Code-Element) einf\u00fcgen.<\/p>\n<p>Stellen Sie sicher, dass das Bewertungssnippet auf allen Unterseiten sichtbar ist.<\/p>\n<p>[\/et_pb_text][et_pb_image src=&#8220;https:\/\/www.cituro.com\/help\/wp-content\/uploads\/2021\/01\/bewertungssnippet.png&#8220; alt=&#8220;Google Sterne in den Suchergebnissen&#8220; title_text=&#8220;Google Sterne in den Suchergebnissen&#8220; align=&#8220;center&#8220; align_tablet=&#8220;center&#8220; align_phone=&#8220;&#8220; align_last_edited=&#8220;on|desktop&#8220; _builder_version=&#8220;4.14.5&#8243; width=&#8220;100%&#8220; max_width=&#8220;300px&#8220; module_alignment=&#8220;center&#8220; custom_margin=&#8220;||||false|false&#8220; custom_padding=&#8220;||||false|false&#8220; hover_enabled=&#8220;0&#8243; box_shadow_style=&#8220;preset2&#8243; box_shadow_horizontal=&#8220;4px&#8220; box_shadow_vertical=&#8220;4px&#8220; global_colors_info=&#8220;{}&#8220; sticky_enabled=&#8220;0&#8243;][\/et_pb_image][\/et_pb_column_inner][\/et_pb_row_inner][et_pb_row_inner _builder_version=&#8220;3.25&#8243; global_module=&#8220;491&#8243; collapsed=&#8220;off&#8220; global_colors_info=&#8220;{}&#8220;][et_pb_column_inner _builder_version=&#8220;3.25&#8243; custom_padding=&#8220;|||&#8220; global_colors_info=&#8220;{}&#8220; custom_padding__hover=&#8220;|||&#8220;][et_pb_divider color=&#8220;#555555&#8243; divider_position=&#8220;center&#8220; _builder_version=&#8220;4.12.1&#8243; global_colors_info=&#8220;{}&#8220;][\/et_pb_divider][et_pb_text _builder_version=&#8220;4.14.5&#8243; global_colors_info=&#8220;{}&#8220;]<\/p>\n<h2 style=\"text-align: center;\">Sie haben Fragen? Wir helfen gerne!<\/h2>\n<p>[\/et_pb_text][\/et_pb_column_inner][\/et_pb_row_inner][et_pb_row_inner column_structure=&#8220;1_2,1_2&#8243; _builder_version=&#8220;3.25&#8243; global_module=&#8220;487&#8243; saved_tabs=&#8220;all&#8220; global_colors_info=&#8220;{}&#8220;][et_pb_column_inner type=&#8220;1_2&#8243; _builder_version=&#8220;3.25&#8243; custom_padding=&#8220;|||&#8220; global_colors_info=&#8220;{}&#8220; custom_padding__hover=&#8220;|||&#8220;][et_pb_blurb title=&#8220;E-Mail&#8220; use_icon=&#8220;on&#8220; font_icon=&#8220;&#xe010;||divi||400&#8243; icon_color=&#8220;#555555&#8243; _builder_version=&#8220;4.13.0&#8243; header_level=&#8220;h3&#8243; text_orientation=&#8220;center&#8220; custom_padding=&#8220;10px|10px|10px|10px&#8220; animation_style=&#8220;zoom&#8220; box_shadow_style=&#8220;preset1&#8243; global_colors_info=&#8220;{}&#8220;]<\/p>\n<p style=\"text-align: center;\">Schreiben Sie uns eine E-Mail<br \/>\n<a href=\"mailto:support@cituro.com\">support@cituro.com<\/a><\/p>\n<p>[\/et_pb_blurb][\/et_pb_column_inner][et_pb_column_inner type=&#8220;1_2&#8243; _builder_version=&#8220;3.25&#8243; custom_padding=&#8220;|||&#8220; global_colors_info=&#8220;{}&#8220; custom_padding__hover=&#8220;|||&#8220;][et_pb_blurb title=&#8220;Telefon&#8220; use_icon=&#8220;on&#8220; font_icon=&#8220;&#xe090;||divi||400&#8243; icon_color=&#8220;#555555&#8243; _builder_version=&#8220;4.13.0&#8243; header_level=&#8220;h3&#8243; text_orientation=&#8220;center&#8220; custom_padding=&#8220;10px|10px|10px|10px&#8220; animation_style=&#8220;zoom&#8220; box_shadow_style=&#8220;preset1&#8243; global_colors_info=&#8220;{}&#8220;]<\/p>\n<p style=\"text-align: center;\">Wir sind f\u00fcr Sie da<br \/>\n<a href=\"tel:004982199973940\">+49 821 999 739 40<\/a><\/p>\n<p>[\/et_pb_blurb][\/et_pb_column_inner][\/et_pb_row_inner][\/et_pb_column][\/et_pb_section]<\/p>\n","protected":false},"excerpt":{"rendered":"<p>Mit unseren Bewertungswidget oder -snippet k\u00f6nnen Sie nicht nur Ihre Bewertungen auf Ihrer Webseite ver\u00f6ffentlichen, Sie erhalten auch automatisch Google Sterne in den Suchergebnissen.<\/p>\n","protected":false},"author":1,"featured_media":0,"parent":2662,"menu_order":0,"comment_status":"closed","ping_status":"closed","template":"","meta":{"_et_pb_use_builder":"on","_et_pb_old_content":"","_et_gb_content_width":"","footnotes":""},"class_list":["post-2948","page","type-page","status-publish","hentry"],"yoast_head":"<!-- This site is optimized with the Yoast SEO plugin v23.9 - https:\/\/yoast.com\/wordpress\/plugins\/seo\/ -->\n<title>Bewertungswidget und Google Sterne - cituro Helpcenter<\/title>\n<meta name=\"description\" content=\"Mit cituro sammeln Sie Bewertungen und k\u00f6nnen diese auf Ihrer Webseite und in den Google-Suchergebnissen anzeigen lassen.\" \/>\n<meta name=\"robots\" content=\"index, follow, max-snippet:-1, max-image-preview:large, max-video-preview:-1\" \/>\n<link rel=\"canonical\" href=\"https:\/\/www.cituro.com\/help\/bewertungssystem\/bewertungswidget-und-google-sterne\" \/>\n<meta property=\"og:locale\" content=\"de_DE\" \/>\n<meta property=\"og:type\" content=\"article\" \/>\n<meta property=\"og:title\" content=\"Bewertungswidget und Google Sterne - cituro Helpcenter\" \/>\n<meta property=\"og:description\" content=\"Mit cituro sammeln Sie Bewertungen und k\u00f6nnen diese auf Ihrer Webseite und in den Google-Suchergebnissen anzeigen lassen.\" \/>\n<meta property=\"og:url\" content=\"https:\/\/www.cituro.com\/help\/bewertungssystem\/bewertungswidget-und-google-sterne\" \/>\n<meta property=\"og:site_name\" content=\"cituro Helpcenter\" \/>\n<meta property=\"article:modified_time\" content=\"2025-08-01T19:03:17+00:00\" \/>\n<meta name=\"twitter:card\" content=\"summary_large_image\" \/>\n<meta name=\"twitter:label1\" content=\"Gesch\u00e4tzte Lesezeit\" \/>\n\t<meta name=\"twitter:data1\" content=\"4\u00a0Minuten\" \/>\n<script type=\"application\/ld+json\" class=\"yoast-schema-graph\">{\"@context\":\"https:\/\/schema.org\",\"@graph\":[{\"@type\":\"WebPage\",\"@id\":\"https:\/\/www.cituro.com\/help\/bewertungssystem\/bewertungswidget-und-google-sterne\",\"url\":\"https:\/\/www.cituro.com\/help\/bewertungssystem\/bewertungswidget-und-google-sterne\",\"name\":\"Bewertungswidget und Google Sterne - cituro Helpcenter\",\"isPartOf\":{\"@id\":\"https:\/\/www.cituro.com\/help\/#website\"},\"datePublished\":\"2021-01-24T13:46:45+00:00\",\"dateModified\":\"2025-08-01T19:03:17+00:00\",\"description\":\"Mit cituro sammeln Sie Bewertungen und k\u00f6nnen diese auf Ihrer Webseite und in den Google-Suchergebnissen anzeigen lassen.\",\"breadcrumb\":{\"@id\":\"https:\/\/www.cituro.com\/help\/bewertungssystem\/bewertungswidget-und-google-sterne#breadcrumb\"},\"inLanguage\":\"de\",\"potentialAction\":[{\"@type\":\"ReadAction\",\"target\":[\"https:\/\/www.cituro.com\/help\/bewertungssystem\/bewertungswidget-und-google-sterne\"]}]},{\"@type\":\"BreadcrumbList\",\"@id\":\"https:\/\/www.cituro.com\/help\/bewertungssystem\/bewertungswidget-und-google-sterne#breadcrumb\",\"itemListElement\":[{\"@type\":\"ListItem\",\"position\":1,\"name\":\"Startseite\",\"item\":\"https:\/\/www.cituro.com\/help\/\"},{\"@type\":\"ListItem\",\"position\":2,\"name\":\"Bewertungssystem\",\"item\":\"https:\/\/www.cituro.com\/help\/bewertungssystem\"},{\"@type\":\"ListItem\",\"position\":3,\"name\":\"Bewertungswidget und Google Sterne\"}]},{\"@type\":\"WebSite\",\"@id\":\"https:\/\/www.cituro.com\/help\/#website\",\"url\":\"https:\/\/www.cituro.com\/help\/\",\"name\":\"cituro Helpcenter\",\"description\":\"Eine weitere WordPress-Website\",\"potentialAction\":[{\"@type\":\"SearchAction\",\"target\":{\"@type\":\"EntryPoint\",\"urlTemplate\":\"https:\/\/www.cituro.com\/help\/?s={search_term_string}\"},\"query-input\":{\"@type\":\"PropertyValueSpecification\",\"valueRequired\":true,\"valueName\":\"search_term_string\"}}],\"inLanguage\":\"de\"}]}<\/script>\n<!-- \/ Yoast SEO plugin. -->","yoast_head_json":{"title":"Bewertungswidget und Google Sterne - cituro Helpcenter","description":"Mit cituro sammeln Sie Bewertungen und k\u00f6nnen diese auf Ihrer Webseite und in den Google-Suchergebnissen anzeigen lassen.","robots":{"index":"index","follow":"follow","max-snippet":"max-snippet:-1","max-image-preview":"max-image-preview:large","max-video-preview":"max-video-preview:-1"},"canonical":"https:\/\/www.cituro.com\/help\/bewertungssystem\/bewertungswidget-und-google-sterne","og_locale":"de_DE","og_type":"article","og_title":"Bewertungswidget und Google Sterne - cituro Helpcenter","og_description":"Mit cituro sammeln Sie Bewertungen und k\u00f6nnen diese auf Ihrer Webseite und in den Google-Suchergebnissen anzeigen lassen.","og_url":"https:\/\/www.cituro.com\/help\/bewertungssystem\/bewertungswidget-und-google-sterne","og_site_name":"cituro Helpcenter","article_modified_time":"2025-08-01T19:03:17+00:00","twitter_card":"summary_large_image","twitter_misc":{"Gesch\u00e4tzte Lesezeit":"4\u00a0Minuten"},"schema":{"@context":"https:\/\/schema.org","@graph":[{"@type":"WebPage","@id":"https:\/\/www.cituro.com\/help\/bewertungssystem\/bewertungswidget-und-google-sterne","url":"https:\/\/www.cituro.com\/help\/bewertungssystem\/bewertungswidget-und-google-sterne","name":"Bewertungswidget und Google Sterne - cituro Helpcenter","isPartOf":{"@id":"https:\/\/www.cituro.com\/help\/#website"},"datePublished":"2021-01-24T13:46:45+00:00","dateModified":"2025-08-01T19:03:17+00:00","description":"Mit cituro sammeln Sie Bewertungen und k\u00f6nnen diese auf Ihrer Webseite und in den Google-Suchergebnissen anzeigen lassen.","breadcrumb":{"@id":"https:\/\/www.cituro.com\/help\/bewertungssystem\/bewertungswidget-und-google-sterne#breadcrumb"},"inLanguage":"de","potentialAction":[{"@type":"ReadAction","target":["https:\/\/www.cituro.com\/help\/bewertungssystem\/bewertungswidget-und-google-sterne"]}]},{"@type":"BreadcrumbList","@id":"https:\/\/www.cituro.com\/help\/bewertungssystem\/bewertungswidget-und-google-sterne#breadcrumb","itemListElement":[{"@type":"ListItem","position":1,"name":"Startseite","item":"https:\/\/www.cituro.com\/help\/"},{"@type":"ListItem","position":2,"name":"Bewertungssystem","item":"https:\/\/www.cituro.com\/help\/bewertungssystem"},{"@type":"ListItem","position":3,"name":"Bewertungswidget und Google Sterne"}]},{"@type":"WebSite","@id":"https:\/\/www.cituro.com\/help\/#website","url":"https:\/\/www.cituro.com\/help\/","name":"cituro Helpcenter","description":"Eine weitere WordPress-Website","potentialAction":[{"@type":"SearchAction","target":{"@type":"EntryPoint","urlTemplate":"https:\/\/www.cituro.com\/help\/?s={search_term_string}"},"query-input":{"@type":"PropertyValueSpecification","valueRequired":true,"valueName":"search_term_string"}}],"inLanguage":"de"}]}},"_links":{"self":[{"href":"https:\/\/www.cituro.com\/help\/wp-json\/wp\/v2\/pages\/2948","targetHints":{"allow":["GET"]}}],"collection":[{"href":"https:\/\/www.cituro.com\/help\/wp-json\/wp\/v2\/pages"}],"about":[{"href":"https:\/\/www.cituro.com\/help\/wp-json\/wp\/v2\/types\/page"}],"author":[{"embeddable":true,"href":"https:\/\/www.cituro.com\/help\/wp-json\/wp\/v2\/users\/1"}],"replies":[{"embeddable":true,"href":"https:\/\/www.cituro.com\/help\/wp-json\/wp\/v2\/comments?post=2948"}],"version-history":[{"count":4,"href":"https:\/\/www.cituro.com\/help\/wp-json\/wp\/v2\/pages\/2948\/revisions"}],"predecessor-version":[{"id":12504,"href":"https:\/\/www.cituro.com\/help\/wp-json\/wp\/v2\/pages\/2948\/revisions\/12504"}],"up":[{"embeddable":true,"href":"https:\/\/www.cituro.com\/help\/wp-json\/wp\/v2\/pages\/2662"}],"wp:attachment":[{"href":"https:\/\/www.cituro.com\/help\/wp-json\/wp\/v2\/media?parent=2948"}],"curies":[{"name":"wp","href":"https:\/\/api.w.org\/{rel}","templated":true}]}}