{"id":2285,"date":"2020-05-29T12:23:21","date_gmt":"2020-05-29T10:23:21","guid":{"rendered":"https:\/\/www.cituro.com\/help\/?page_id=2285"},"modified":"2021-11-16T16:19:30","modified_gmt":"2021-11-16T15:19:30","slug":"qr-code","status":"publish","type":"page","link":"https:\/\/www.cituro.com\/help\/einbindung-online-terminbuchung\/qr-code","title":{"rendered":"Online-Terminbuchung per QR-Code"},"content":{"rendered":"<p>[et_pb_section fb_built=&#8220;1&#8243; specialty=&#8220;on&#8220; module_class=&#8220; et_pb_specialty_fullwidth&#8220; _builder_version=&#8220;3.22&#8243; inner_width=&#8220;89%&#8220; inner_width_tablet=&#8220;80%&#8220; inner_width_phone=&#8220;&#8220; inner_width_last_edited=&#8220;on|desktop&#8220; inner_max_width=&#8220;89%&#8220; inner_max_width_tablet=&#8220;80%&#8220; inner_max_width_phone=&#8220;&#8220; inner_max_width_last_edited=&#8220;on|desktop&#8220; make_fullwidth=&#8220;on&#8220; global_colors_info=&#8220;{}&#8220;][et_pb_column type=&#8220;1_4&#8243; _builder_version=&#8220;3.25&#8243; custom_padding=&#8220;|||&#8220; global_colors_info=&#8220;{}&#8220; custom_padding__hover=&#8220;|||&#8220;][et_pb_sidebar area=&#8220;sidebar-1&#8243; disabled_on=&#8220;on|on|off&#8220; _builder_version=&#8220;3.29.3&#8243; custom_padding=&#8220;50px|||&#8220; global_colors_info=&#8220;{}&#8220;][\/et_pb_sidebar][\/et_pb_column][et_pb_column type=&#8220;3_4&#8243; specialty_columns=&#8220;3&#8243; _builder_version=&#8220;3.25&#8243; custom_padding=&#8220;|||&#8220; global_colors_info=&#8220;{}&#8220; custom_padding__hover=&#8220;|||&#8220;][et_pb_row_inner admin_label=&#8220;Zeile&#8220; _builder_version=&#8220;3.25&#8243; global_colors_info=&#8220;{}&#8220;][et_pb_column_inner saved_specialty_column_type=&#8220;3_4&#8243; _builder_version=&#8220;3.25&#8243; custom_padding=&#8220;|||&#8220; global_colors_info=&#8220;{}&#8220; custom_padding__hover=&#8220;|||&#8220;][et_pb_text _builder_version=&#8220;3.29.3&#8243; global_colors_info=&#8220;{}&#8220;]<\/p>\n<h1>Buchung per QR-Code<\/h1>\n<p>[\/et_pb_text][et_pb_text _builder_version=&#8220;3.29.3&#8243; custom_padding=&#8220;||20px&#8220; hover_enabled=&#8220;0&#8243; text_font_size_tablet=&#8220;&#8220; text_font_size_phone=&#8220;&#8220; text_font_size_last_edited=&#8220;on|phone&#8220; global_colors_info=&#8220;{}&#8220; sticky_enabled=&#8220;0&#8243;]Sie k\u00f6nnen Ihren Kunden die M\u00f6glichkeit geben, einen gedruckten QR-Code zu scannen und direkt zu buchen. <\/p>\n<p>Beispielsweise k\u00f6nnen Sie den QR-Code auf <strong>Visitenkarten, Flyer, Werbebanner<\/strong> oder aber auf ein Schild hinter Ihrem Schaufenster drucken. Per Smartphone k\u00f6nnen Ihre Kunden den Code scannen und gelangen ohne Umwege zu Ihrer Online-Terminbuchung.[\/et_pb_text][et_pb_text _builder_version=&#8220;3.29.3&#8243; global_colors_info=&#8220;{}&#8220;]<\/p>\n<h2>Anleitung<\/h2>\n<p>[\/et_pb_text][et_pb_text _builder_version=&#8220;3.29.3&#8243; global_colors_info=&#8220;{}&#8220;]<strong>Navigation: Men\u00fc \u2192 Onlinebuchung \u2192 Tab Buchungswidget einbinden \u2192 Buchung per QR-Code<\/strong>[\/et_pb_text][et_pb_text _builder_version=&#8220;3.29.3&#8243; text_font=&#8220;||||||||&#8220; custom_padding=&#8220;0px||20px&#8220; global_colors_info=&#8220;{}&#8220;]<\/p>\n<ol>\n<li>Laden Sie den QR-Code in der gew\u00fcnschten Aufl\u00f6sung herunter.<\/li>\n<li>F\u00fcgen Sie den QR-Code dort ein, wo Sie ihn gerne h\u00e4tten.<\/li>\n<li>(Ausdrucken) Fertig!<\/li>\n<\/ol>\n<p>Ihre Kunden k\u00f6nnen nun per QR Scanner-App Termine bei Ihnen buchen.[\/et_pb_text][\/et_pb_column_inner][\/et_pb_row_inner][et_pb_row_inner admin_label=&#8220;Zeile&#8220; _builder_version=&#8220;3.25&#8243; global_colors_info=&#8220;{}&#8220;][et_pb_column_inner saved_specialty_column_type=&#8220;3_4&#8243; _builder_version=&#8220;3.25&#8243; custom_padding=&#8220;|||&#8220; global_colors_info=&#8220;{}&#8220; custom_padding__hover=&#8220;|||&#8220;][et_pb_text _builder_version=&#8220;3.29.3&#8243; global_colors_info=&#8220;{}&#8220;]<strong>Tipp:<\/strong>[\/et_pb_text][et_pb_text _builder_version=&#8220;3.29.3&#8243; global_colors_info=&#8220;{}&#8220;]Sie k\u00f6nnen auch jeden anderen Buchungslink von cituro in einen QR-Code verwandeln z.B. mit vorbelegter Leistung.<\/p>\n<p>So k\u00f6nnen Sie z.B. f\u00fcr Neukunden eine spezielle Leistung anbieten, die nur \u00fcber einen Flyer buchbar ist.<\/p>\n<p>Hier k\u00f6nnen Sie Ihren <a href=\"https:\/\/www.qrcode-generator.de\/\" target=\"_blank\" rel=\"noopener noreferrer\">individuellen QR-Code generieren!<\/a>[\/et_pb_text][\/et_pb_column_inner][\/et_pb_row_inner][et_pb_row_inner _builder_version=&#8220;3.25&#8243; global_module=&#8220;491&#8243; global_colors_info=&#8220;{}&#8220;][et_pb_column_inner _builder_version=&#8220;3.25&#8243; custom_padding=&#8220;|||&#8220; global_colors_info=&#8220;{}&#8220; custom_padding__hover=&#8220;|||&#8220;][et_pb_divider color=&#8220;#555555&#8243; divider_position=&#8220;center&#8220; _builder_version=&#8220;4.12.1&#8243; global_colors_info=&#8220;{}&#8220;][\/et_pb_divider][et_pb_text _builder_version=&#8220;4.12.1&#8243; global_colors_info=&#8220;{}&#8220;]<\/p>\n<h2 style=\"text-align: center;\">Klingt kompliziert? Wir helfen gerne!<\/h2>\n<p>[\/et_pb_text][\/et_pb_column_inner][\/et_pb_row_inner][et_pb_row_inner column_structure=&#8220;1_2,1_2&#8243; _builder_version=&#8220;3.25&#8243; global_module=&#8220;487&#8243; saved_tabs=&#8220;all&#8220; global_colors_info=&#8220;{}&#8220;][et_pb_column_inner type=&#8220;1_2&#8243; _builder_version=&#8220;3.25&#8243; custom_padding=&#8220;|||&#8220; global_colors_info=&#8220;{}&#8220; custom_padding__hover=&#8220;|||&#8220;][et_pb_blurb title=&#8220;Termin vereinbaren&#8220; url_new_window=&#8220;on&#8220; use_icon=&#8220;on&#8220; font_icon=&#8220;&#xe023;||divi||400&#8243; icon_color=&#8220;#555555&#8243; module_id=&#8220;make-appointment-element&#8220; _builder_version=&#8220;4.13.0&#8243; header_level=&#8220;h3&#8243; text_orientation=&#8220;center&#8220; custom_padding=&#8220;10px|10px|10px|10px&#8220; animation_style=&#8220;zoom&#8220; link_option_url_new_window=&#8220;on&#8220; custom_css_main_element=&#8220;cursor:pointer;&#8220; box_shadow_style=&#8220;preset1&#8243; global_colors_info=&#8220;{}&#8220;]<\/p>\n<p style=\"text-align: center;\">Wir zeigen Ihnen live was cituro alles kann.<\/p>\n<p>[\/et_pb_blurb][et_pb_blurb title=&#8220;E-Mail&#8220; use_icon=&#8220;on&#8220; font_icon=&#8220;&#xe010;||divi||400&#8243; icon_color=&#8220;#555555&#8243; _builder_version=&#8220;4.13.0&#8243; header_level=&#8220;h3&#8243; text_orientation=&#8220;center&#8220; custom_padding=&#8220;10px|10px|10px|10px&#8220; animation_style=&#8220;zoom&#8220; box_shadow_style=&#8220;preset1&#8243; global_colors_info=&#8220;{}&#8220;]<\/p>\n<p style=\"text-align: center;\">Schreiben Sie uns eine E-Mail<br \/>\n<a href=\"mailto:support@cituro.com\">support@cituro.com<\/a><\/p>\n<p>[\/et_pb_blurb][\/et_pb_column_inner][et_pb_column_inner type=&#8220;1_2&#8243; _builder_version=&#8220;3.25&#8243; custom_padding=&#8220;|||&#8220; global_colors_info=&#8220;{}&#8220; custom_padding__hover=&#8220;|||&#8220;][et_pb_blurb title=&#8220;Live Chat&#8220; use_icon=&#8220;on&#8220; font_icon=&#8220;&#x77;||divi||400&#8243; icon_color=&#8220;#555555&#8243; _builder_version=&#8220;4.13.0&#8243; header_level=&#8220;h3&#8243; text_orientation=&#8220;center&#8220; custom_padding=&#8220;10px|10px|10px|10px&#8220; animation_style=&#8220;zoom&#8220; box_shadow_style=&#8220;preset1&#8243; global_colors_info=&#8220;{}&#8220;]<\/p>\n<p style=\"text-align: center;\">Stellen Sie uns Ihre Fragen im Live-Chat.<\/p>\n<p>[\/et_pb_blurb][et_pb_blurb title=&#8220;Telefon&#8220; use_icon=&#8220;on&#8220; font_icon=&#8220;&#xe090;||divi||400&#8243; icon_color=&#8220;#555555&#8243; _builder_version=&#8220;4.13.0&#8243; header_level=&#8220;h3&#8243; text_orientation=&#8220;center&#8220; custom_padding=&#8220;10px|10px|10px|10px&#8220; animation_style=&#8220;zoom&#8220; box_shadow_style=&#8220;preset1&#8243; global_colors_info=&#8220;{}&#8220;]<\/p>\n<p style=\"text-align: center;\">Wir sind f\u00fcr Sie da<br \/>\n<a href=\"tel:004982199973940\">+49 821 999 739 40<\/a><\/p>\n<p>[\/et_pb_blurb][\/et_pb_column_inner][\/et_pb_row_inner][\/et_pb_column][\/et_pb_section]<\/p>\n","protected":false},"excerpt":{"rendered":"<p>Hier zeigen wir Ihnen, wie Sie Ihren Kunden die M\u00f6glichkeit geben, einen gedruckten QR-Code zu scannen und direkt zu buchen.<br \/>\nBeispielsweise k\u00f6nnen Sie den QR-Code auf <strong>Visitenkarten, Flyer, Werbebanner<\/strong> oder aber auf ein Schild hinter Ihrem Schaufenster drucken. Per Smartphone k\u00f6nnen Ihre Kunden den Code scannen und gelangen ohne Umwege zu Ihrer Online-Terminbuchung.<\/p>\n","protected":false},"author":1,"featured_media":0,"parent":838,"menu_order":0,"comment_status":"closed","ping_status":"closed","template":"","meta":{"_et_pb_use_builder":"on","_et_pb_old_content":"","_et_gb_content_width":"","footnotes":""},"class_list":["post-2285","page","type-page","status-publish","hentry"],"yoast_head":"<!-- This site is optimized with the Yoast SEO plugin v23.9 - https:\/\/yoast.com\/wordpress\/plugins\/seo\/ -->\n<title>Online-Terminbuchung per QR-Code - cituro Helpcenter<\/title>\n<meta name=\"description\" content=\"Drucken Sie den QR-Code auf Visitenkarten, Flyer, oder Werbebanner. Per Smartphone k\u00f6nnen Ihre Kunden den Code scannen und gelangen zu Ihrer Online-Buchung.\" \/>\n<meta name=\"robots\" content=\"index, follow, max-snippet:-1, max-image-preview:large, max-video-preview:-1\" \/>\n<link rel=\"canonical\" href=\"https:\/\/www.cituro.com\/help\/einbindung-online-terminbuchung\/qr-code\" \/>\n<meta property=\"og:locale\" content=\"de_DE\" \/>\n<meta property=\"og:type\" content=\"article\" \/>\n<meta property=\"og:title\" content=\"Online-Terminbuchung per QR-Code - cituro Helpcenter\" \/>\n<meta property=\"og:description\" content=\"Drucken Sie den QR-Code auf Visitenkarten, Flyer, oder Werbebanner. Per Smartphone k\u00f6nnen Ihre Kunden den Code scannen und gelangen zu Ihrer Online-Buchung.\" \/>\n<meta property=\"og:url\" content=\"https:\/\/www.cituro.com\/help\/einbindung-online-terminbuchung\/qr-code\" \/>\n<meta property=\"og:site_name\" content=\"cituro Helpcenter\" \/>\n<meta property=\"article:modified_time\" content=\"2021-11-16T15:19:30+00:00\" \/>\n<meta name=\"twitter:card\" content=\"summary_large_image\" \/>\n<meta name=\"twitter:label1\" content=\"Gesch\u00e4tzte Lesezeit\" \/>\n\t<meta name=\"twitter:data1\" content=\"4\u00a0Minuten\" \/>\n<script type=\"application\/ld+json\" class=\"yoast-schema-graph\">{\"@context\":\"https:\/\/schema.org\",\"@graph\":[{\"@type\":\"WebPage\",\"@id\":\"https:\/\/www.cituro.com\/help\/einbindung-online-terminbuchung\/qr-code\",\"url\":\"https:\/\/www.cituro.com\/help\/einbindung-online-terminbuchung\/qr-code\",\"name\":\"Online-Terminbuchung per QR-Code - cituro Helpcenter\",\"isPartOf\":{\"@id\":\"https:\/\/www.cituro.com\/help\/#website\"},\"datePublished\":\"2020-05-29T10:23:21+00:00\",\"dateModified\":\"2021-11-16T15:19:30+00:00\",\"description\":\"Drucken Sie den QR-Code auf Visitenkarten, Flyer, oder Werbebanner. Per Smartphone k\u00f6nnen Ihre Kunden den Code scannen und gelangen zu Ihrer Online-Buchung.\",\"breadcrumb\":{\"@id\":\"https:\/\/www.cituro.com\/help\/einbindung-online-terminbuchung\/qr-code#breadcrumb\"},\"inLanguage\":\"de\",\"potentialAction\":[{\"@type\":\"ReadAction\",\"target\":[\"https:\/\/www.cituro.com\/help\/einbindung-online-terminbuchung\/qr-code\"]}]},{\"@type\":\"BreadcrumbList\",\"@id\":\"https:\/\/www.cituro.com\/help\/einbindung-online-terminbuchung\/qr-code#breadcrumb\",\"itemListElement\":[{\"@type\":\"ListItem\",\"position\":1,\"name\":\"Startseite\",\"item\":\"https:\/\/www.cituro.com\/help\/\"},{\"@type\":\"ListItem\",\"position\":2,\"name\":\"Einbindung Online-Terminbuchung\",\"item\":\"https:\/\/www.cituro.com\/help\/einbindung-online-terminbuchung\"},{\"@type\":\"ListItem\",\"position\":3,\"name\":\"Online-Terminbuchung per QR-Code\"}]},{\"@type\":\"WebSite\",\"@id\":\"https:\/\/www.cituro.com\/help\/#website\",\"url\":\"https:\/\/www.cituro.com\/help\/\",\"name\":\"cituro Helpcenter\",\"description\":\"Eine weitere WordPress-Website\",\"potentialAction\":[{\"@type\":\"SearchAction\",\"target\":{\"@type\":\"EntryPoint\",\"urlTemplate\":\"https:\/\/www.cituro.com\/help\/?s={search_term_string}\"},\"query-input\":{\"@type\":\"PropertyValueSpecification\",\"valueRequired\":true,\"valueName\":\"search_term_string\"}}],\"inLanguage\":\"de\"}]}<\/script>\n<!-- \/ Yoast SEO plugin. -->","yoast_head_json":{"title":"Online-Terminbuchung per QR-Code - cituro Helpcenter","description":"Drucken Sie den QR-Code auf Visitenkarten, Flyer, oder Werbebanner. Per Smartphone k\u00f6nnen Ihre Kunden den Code scannen und gelangen zu Ihrer Online-Buchung.","robots":{"index":"index","follow":"follow","max-snippet":"max-snippet:-1","max-image-preview":"max-image-preview:large","max-video-preview":"max-video-preview:-1"},"canonical":"https:\/\/www.cituro.com\/help\/einbindung-online-terminbuchung\/qr-code","og_locale":"de_DE","og_type":"article","og_title":"Online-Terminbuchung per QR-Code - cituro Helpcenter","og_description":"Drucken Sie den QR-Code auf Visitenkarten, Flyer, oder Werbebanner. Per Smartphone k\u00f6nnen Ihre Kunden den Code scannen und gelangen zu Ihrer Online-Buchung.","og_url":"https:\/\/www.cituro.com\/help\/einbindung-online-terminbuchung\/qr-code","og_site_name":"cituro Helpcenter","article_modified_time":"2021-11-16T15:19:30+00:00","twitter_card":"summary_large_image","twitter_misc":{"Gesch\u00e4tzte Lesezeit":"4\u00a0Minuten"},"schema":{"@context":"https:\/\/schema.org","@graph":[{"@type":"WebPage","@id":"https:\/\/www.cituro.com\/help\/einbindung-online-terminbuchung\/qr-code","url":"https:\/\/www.cituro.com\/help\/einbindung-online-terminbuchung\/qr-code","name":"Online-Terminbuchung per QR-Code - cituro Helpcenter","isPartOf":{"@id":"https:\/\/www.cituro.com\/help\/#website"},"datePublished":"2020-05-29T10:23:21+00:00","dateModified":"2021-11-16T15:19:30+00:00","description":"Drucken Sie den QR-Code auf Visitenkarten, Flyer, oder Werbebanner. Per Smartphone k\u00f6nnen Ihre Kunden den Code scannen und gelangen zu Ihrer Online-Buchung.","breadcrumb":{"@id":"https:\/\/www.cituro.com\/help\/einbindung-online-terminbuchung\/qr-code#breadcrumb"},"inLanguage":"de","potentialAction":[{"@type":"ReadAction","target":["https:\/\/www.cituro.com\/help\/einbindung-online-terminbuchung\/qr-code"]}]},{"@type":"BreadcrumbList","@id":"https:\/\/www.cituro.com\/help\/einbindung-online-terminbuchung\/qr-code#breadcrumb","itemListElement":[{"@type":"ListItem","position":1,"name":"Startseite","item":"https:\/\/www.cituro.com\/help\/"},{"@type":"ListItem","position":2,"name":"Einbindung Online-Terminbuchung","item":"https:\/\/www.cituro.com\/help\/einbindung-online-terminbuchung"},{"@type":"ListItem","position":3,"name":"Online-Terminbuchung per QR-Code"}]},{"@type":"WebSite","@id":"https:\/\/www.cituro.com\/help\/#website","url":"https:\/\/www.cituro.com\/help\/","name":"cituro Helpcenter","description":"Eine weitere WordPress-Website","potentialAction":[{"@type":"SearchAction","target":{"@type":"EntryPoint","urlTemplate":"https:\/\/www.cituro.com\/help\/?s={search_term_string}"},"query-input":{"@type":"PropertyValueSpecification","valueRequired":true,"valueName":"search_term_string"}}],"inLanguage":"de"}]}},"_links":{"self":[{"href":"https:\/\/www.cituro.com\/help\/wp-json\/wp\/v2\/pages\/2285","targetHints":{"allow":["GET"]}}],"collection":[{"href":"https:\/\/www.cituro.com\/help\/wp-json\/wp\/v2\/pages"}],"about":[{"href":"https:\/\/www.cituro.com\/help\/wp-json\/wp\/v2\/types\/page"}],"author":[{"embeddable":true,"href":"https:\/\/www.cituro.com\/help\/wp-json\/wp\/v2\/users\/1"}],"replies":[{"embeddable":true,"href":"https:\/\/www.cituro.com\/help\/wp-json\/wp\/v2\/comments?post=2285"}],"version-history":[{"count":0,"href":"https:\/\/www.cituro.com\/help\/wp-json\/wp\/v2\/pages\/2285\/revisions"}],"up":[{"embeddable":true,"href":"https:\/\/www.cituro.com\/help\/wp-json\/wp\/v2\/pages\/838"}],"wp:attachment":[{"href":"https:\/\/www.cituro.com\/help\/wp-json\/wp\/v2\/media?parent=2285"}],"curies":[{"name":"wp","href":"https:\/\/api.w.org\/{rel}","templated":true}]}}