{"id":181,"date":"2019-09-03T12:03:57","date_gmt":"2019-09-03T10:03:57","guid":{"rendered":"https:\/\/www.cituro.com\/help\/?page_id=181"},"modified":"2025-08-01T23:16:30","modified_gmt":"2025-08-01T21:16:30","slug":"terminbuchung-im-google-business-profile","status":"publish","type":"page","link":"https:\/\/www.cituro.com\/help\/einbindung-online-terminbuchung\/terminbuchung-ueber-google\/terminbuchung-im-google-business-profile","title":{"rendered":"Terminbuchung im Google Unternehmensprofil"},"content":{"rendered":"<p>[et_pb_section fb_built=&#8220;1&#8243; specialty=&#8220;on&#8220; module_class=&#8220; et_pb_specialty_fullwidth&#8220; _builder_version=&#8220;3.22&#8243; inner_width=&#8220;89%&#8220; inner_width_tablet=&#8220;80%&#8220; inner_width_phone=&#8220;&#8220; inner_width_last_edited=&#8220;on|desktop&#8220; inner_max_width=&#8220;89%&#8220; inner_max_width_tablet=&#8220;80%&#8220; inner_max_width_phone=&#8220;&#8220; inner_max_width_last_edited=&#8220;on|desktop&#8220; make_fullwidth=&#8220;on&#8220; global_colors_info=&#8220;{}&#8220;][et_pb_column type=&#8220;1_4&#8243; _builder_version=&#8220;3.25&#8243; custom_padding=&#8220;|||&#8220; global_colors_info=&#8220;{}&#8220; custom_padding__hover=&#8220;|||&#8220;][et_pb_sidebar area=&#8220;sidebar-1&#8243; disabled_on=&#8220;on|on|off&#8220; _builder_version=&#8220;3.29.3&#8243; custom_padding=&#8220;50px|||&#8220; global_colors_info=&#8220;{}&#8220;][\/et_pb_sidebar][\/et_pb_column][et_pb_column type=&#8220;3_4&#8243; specialty_columns=&#8220;3&#8243; _builder_version=&#8220;3.25&#8243; custom_padding=&#8220;|||&#8220; global_colors_info=&#8220;{}&#8220; custom_padding__hover=&#8220;|||&#8220;][et_pb_row_inner admin_label=&#8220;Zeile&#8220; _builder_version=&#8220;3.25&#8243; global_colors_info=&#8220;{}&#8220;][et_pb_column_inner saved_specialty_column_type=&#8220;3_4&#8243; _builder_version=&#8220;3.25&#8243; custom_padding=&#8220;|||&#8220; global_colors_info=&#8220;{}&#8220; custom_padding__hover=&#8220;|||&#8220;][et_pb_text _builder_version=&#8220;4.14.5&#8243; global_colors_info=&#8220;{}&#8220;]<\/p>\n<h1>Online-Terminbuchung im Google Unternehmensprofil<\/h1>\n<p>[\/et_pb_text][et_pb_text _builder_version=&#8220;4.14.5&#8243; custom_padding=&#8220;||20px&#8220; text_font_size_tablet=&#8220;&#8220; text_font_size_phone=&#8220;&#8220; text_font_size_last_edited=&#8220;on|phone&#8220; global_colors_info=&#8220;{}&#8220;]In dieser Anleitung zeigen wir Ihnen wie Sie die Online-Terminbuchung von cituro in Ihrem Google Unternehmensprofil einbinden k\u00f6nnen. Um starten zu k\u00f6nnen ben\u00f6tigen Sie ein Google Unternehmensprofil und einen cituro Account. Falls Sie diese noch nicht haben, k\u00f6nnen Sie sich kostenlos bei <a href=\"https:\/\/www.cituro.com\/registrierung\" target=\"_blank\" rel=\"noopener noreferrer\">cituro<\/a> anmelden und ein kostenloses <a href=\"https:\/\/www.google.de\/intl\/de\/business\/\" target=\"_blank\" rel=\"noopener noreferrer\">Google Unternehmensprofil<\/a> erstellen.<\/p>\n<p>Durch ein Google Unternehmensprofil stellen Sie sicher, dass Ihr Unternehmen bei Google angezeigt wird. Ihr Unternehmen erscheint dann nicht nur bei Suchanfragen \u00fcber Google, sondern auch in Google Maps.<\/p>\n<p>Um die Online-Terminbuchung \u00fcber Google anbieten zu k\u00f6nnen hinterlegen Sie einfach Ihren cituro Buchungslink in Ihrem Google Unternehmensprofil und schon k\u00f6nnen Kunden \u00fcber die <strong>Google Suche<\/strong> und <strong>Google Maps<\/strong> direkt einen Termin bei Ihnen buchen. Folgen Sie dazu einfach der Anleitung weiter unten.[\/et_pb_text][\/et_pb_column_inner][\/et_pb_row_inner][et_pb_row_inner column_structure=&#8220;1_2,1_2&#8243; admin_label=&#8220;Zeile&#8220; _builder_version=&#8220;3.25&#8243; global_colors_info=&#8220;{}&#8220;][et_pb_column_inner type=&#8220;1_2&#8243; saved_specialty_column_type=&#8220;3_4&#8243; _builder_version=&#8220;3.25&#8243; custom_padding=&#8220;|||&#8220; global_colors_info=&#8220;{}&#8220; custom_padding__hover=&#8220;|||&#8220;][et_pb_text _builder_version=&#8220;4.14.5&#8243; global_colors_info=&#8220;{}&#8220;]<\/p>\n<p>Google Unternehmensprofil<\/p>\n<p>[\/et_pb_text][et_pb_image src=&#8220;https:\/\/www.cituro.com\/help\/wp-content\/uploads\/2022\/11\/google-termin-buchen.png&#8220; alt=&#8220;Reserve with Google in der Google Suche Google My Business.&#8220; title_text=&#8220;google-termin-buchen&#8220; align_tablet=&#8220;center&#8220; align_phone=&#8220;&#8220; align_last_edited=&#8220;on|desktop&#8220; _builder_version=&#8220;4.14.5&#8243; max_height=&#8220;385px&#8220; hover_enabled=&#8220;0&#8243; box_shadow_style=&#8220;preset2&#8243; global_colors_info=&#8220;{}&#8220; sticky_enabled=&#8220;0&#8243;][\/et_pb_image][\/et_pb_column_inner][et_pb_column_inner type=&#8220;1_2&#8243; saved_specialty_column_type=&#8220;3_4&#8243; _builder_version=&#8220;3.25&#8243; custom_padding=&#8220;|||&#8220; global_colors_info=&#8220;{}&#8220; custom_padding__hover=&#8220;|||&#8220;][et_pb_text _builder_version=&#8220;3.29.3&#8243; global_colors_info=&#8220;{}&#8220;]<\/p>\n<p style=\"text-align: left;\">Google Maps<\/p>\n<p>[\/et_pb_text][et_pb_image src=&#8220;https:\/\/www.cituro.com\/help\/wp-content\/uploads\/2022\/10\/google-maps-termin-buchen.png&#8220; alt=&#8220;Reserve with Google in Google Maps Ansicht.&#8220; title_text=&#8220;google-maps-termin-buchen&#8220; align_tablet=&#8220;center&#8220; align_phone=&#8220;&#8220; align_last_edited=&#8220;on|desktop&#8220; _builder_version=&#8220;4.14.5&#8243; max_height=&#8220;500px&#8220; hover_enabled=&#8220;0&#8243; box_shadow_style=&#8220;preset2&#8243; global_colors_info=&#8220;{}&#8220; sticky_enabled=&#8220;0&#8243;][\/et_pb_image][\/et_pb_column_inner][\/et_pb_row_inner][et_pb_row_inner admin_label=&#8220;Zeile&#8220; _builder_version=&#8220;3.25&#8243; global_colors_info=&#8220;{}&#8220;][et_pb_column_inner saved_specialty_column_type=&#8220;3_4&#8243; _builder_version=&#8220;3.25&#8243; custom_padding=&#8220;|||&#8220; global_colors_info=&#8220;{}&#8220; custom_padding__hover=&#8220;|||&#8220;][et_pb_text _builder_version=&#8220;3.27.4&#8243; global_colors_info=&#8220;{}&#8220;]<\/p>\n<h2>Anleitung<br \/>\n<\/h2>\n<p>[\/et_pb_text][et_pb_text _builder_version=&#8220;4.14.5&#8243; text_font=&#8220;||||||||&#8220; custom_padding=&#8220;0px||20px&#8220; global_colors_info=&#8220;{}&#8220;]<\/p>\n<ol>\n<li>Gehen Sie in Ihren cituro Manager auf <strong>Men\u00fc \u2192 Onlinebuchung \u2192 Tab Buchungswidget einbinden<\/strong>.<\/li>\n<li>Kopieren Sie den <strong>Link<\/strong> unter <i>2. Website Integration (Link) <\/i>.<\/li>\n<li>Loggen Sie sich in Ihren Google Unternehmensprofil ein und klicken Sie im <i>Men\u00fc<\/i> auf <i>Profil bearbeiten<\/i>.<\/li>\n<li>W\u00e4hlen Sie den Men\u00fcpunkt <i>Buchung<\/i> aus.<\/li>\n<li>Klicken Sie auf <i>Link hinzuf\u00fcgen<\/i> und f\u00fcgen Sie den kopierten Link aus Ihrem cituro Manager ein.<\/li>\n<\/ol>\n<p><strong>FERTIG!<\/strong> Und schon werden Sie nicht nur \u00fcber Google gefunden, Ihre Kunden k\u00f6nnen auch direkt einen Termin bei Ihnen buchen!<br \/>\n<br \/>\n<strong>Hinweis:<\/strong> Die Online-Terminbuchungsoption (Feld <i>URL f\u00fcr Termine<\/i>) von Google ist nicht f\u00fcr alle Branchen m\u00f6glich. Ihre aktuelle Branche k\u00f6nnen Sie in Ihrem Google Unternehmensprofil im Men\u00fc unter Info \u00e4ndern. F\u00fcr eine Kategorie\u00e4nderung braucht Google in Einzelf\u00e4llen bis zu 3 Tage.[\/et_pb_text][\/et_pb_column_inner][\/et_pb_row_inner][\/et_pb_column][\/et_pb_section]<\/p>\n","protected":false},"excerpt":{"rendered":"<p>In dieser Anleitung zeigen wir Ihnen wie Sie die Online-Terminbuchung von cituro in Ihren Google My Business Account einbinden k\u00f6nnen.<\/p>\n","protected":false},"author":1,"featured_media":391,"parent":7905,"menu_order":0,"comment_status":"closed","ping_status":"closed","template":"","meta":{"_et_pb_use_builder":"on","_et_pb_old_content":"","_et_gb_content_width":"","footnotes":""},"class_list":["post-181","page","type-page","status-publish","has-post-thumbnail","hentry"],"yoast_head":"<!-- This site is optimized with the Yoast SEO plugin v23.9 - https:\/\/yoast.com\/wordpress\/plugins\/seo\/ -->\n<title>Online-Terminbuchung im Google Unternehmensprofil - cituro Helpcenter<\/title>\n<meta name=\"description\" content=\"Mit unserer einfachen Anleitung k\u00f6nnen Sie mit cituro \u00fcber Google die Online-Terminbuchung anbieten. Werden Sie \u00fcber Google gefunden und direkt buchbar!\" \/>\n<meta name=\"robots\" content=\"index, follow, max-snippet:-1, max-image-preview:large, max-video-preview:-1\" \/>\n<link rel=\"canonical\" href=\"https:\/\/www.cituro.com\/help\/einbindung-online-terminbuchung\/terminbuchung-ueber-google\/terminbuchung-im-google-business-profile\" \/>\n<meta property=\"og:locale\" content=\"de_DE\" \/>\n<meta property=\"og:type\" content=\"article\" \/>\n<meta property=\"og:title\" content=\"Online-Terminbuchung im Google Unternehmensprofil - cituro Helpcenter\" \/>\n<meta property=\"og:description\" content=\"Mit unserer einfachen Anleitung k\u00f6nnen Sie mit cituro \u00fcber Google die Online-Terminbuchung anbieten. Werden Sie \u00fcber Google gefunden und direkt buchbar!\" \/>\n<meta property=\"og:url\" content=\"https:\/\/www.cituro.com\/help\/einbindung-online-terminbuchung\/terminbuchung-ueber-google\/terminbuchung-im-google-business-profile\" \/>\n<meta property=\"og:site_name\" content=\"cituro Helpcenter\" \/>\n<meta property=\"article:modified_time\" content=\"2025-08-01T21:16:30+00:00\" \/>\n<meta property=\"og:image\" content=\"https:\/\/www.cituro.com\/help\/wp-content\/uploads\/2019\/09\/Cituro_logodark-grey-blue.jpg\" \/>\n\t<meta property=\"og:image:width\" content=\"4167\" \/>\n\t<meta property=\"og:image:height\" content=\"4167\" \/>\n\t<meta property=\"og:image:type\" content=\"image\/jpeg\" \/>\n<meta name=\"twitter:card\" content=\"summary_large_image\" \/>\n<meta name=\"twitter:label1\" content=\"Gesch\u00e4tzte Lesezeit\" \/>\n\t<meta name=\"twitter:data1\" content=\"4\u00a0Minuten\" \/>\n<script type=\"application\/ld+json\" class=\"yoast-schema-graph\">{\"@context\":\"https:\/\/schema.org\",\"@graph\":[{\"@type\":\"WebPage\",\"@id\":\"https:\/\/www.cituro.com\/help\/einbindung-online-terminbuchung\/terminbuchung-ueber-google\/terminbuchung-im-google-business-profile\",\"url\":\"https:\/\/www.cituro.com\/help\/einbindung-online-terminbuchung\/terminbuchung-ueber-google\/terminbuchung-im-google-business-profile\",\"name\":\"Online-Terminbuchung im Google Unternehmensprofil - cituro Helpcenter\",\"isPartOf\":{\"@id\":\"https:\/\/www.cituro.com\/help\/#website\"},\"primaryImageOfPage\":{\"@id\":\"https:\/\/www.cituro.com\/help\/einbindung-online-terminbuchung\/terminbuchung-ueber-google\/terminbuchung-im-google-business-profile#primaryimage\"},\"image\":{\"@id\":\"https:\/\/www.cituro.com\/help\/einbindung-online-terminbuchung\/terminbuchung-ueber-google\/terminbuchung-im-google-business-profile#primaryimage\"},\"thumbnailUrl\":\"https:\/\/www.cituro.com\/help\/wp-content\/uploads\/2019\/09\/Cituro_logodark-grey-blue.jpg\",\"datePublished\":\"2019-09-03T10:03:57+00:00\",\"dateModified\":\"2025-08-01T21:16:30+00:00\",\"description\":\"Mit unserer einfachen Anleitung k\u00f6nnen Sie mit cituro \u00fcber Google die Online-Terminbuchung anbieten. Werden Sie \u00fcber Google gefunden und direkt buchbar!\",\"breadcrumb\":{\"@id\":\"https:\/\/www.cituro.com\/help\/einbindung-online-terminbuchung\/terminbuchung-ueber-google\/terminbuchung-im-google-business-profile#breadcrumb\"},\"inLanguage\":\"de\",\"potentialAction\":[{\"@type\":\"ReadAction\",\"target\":[\"https:\/\/www.cituro.com\/help\/einbindung-online-terminbuchung\/terminbuchung-ueber-google\/terminbuchung-im-google-business-profile\"]}]},{\"@type\":\"ImageObject\",\"inLanguage\":\"de\",\"@id\":\"https:\/\/www.cituro.com\/help\/einbindung-online-terminbuchung\/terminbuchung-ueber-google\/terminbuchung-im-google-business-profile#primaryimage\",\"url\":\"https:\/\/www.cituro.com\/help\/wp-content\/uploads\/2019\/09\/Cituro_logodark-grey-blue.jpg\",\"contentUrl\":\"https:\/\/www.cituro.com\/help\/wp-content\/uploads\/2019\/09\/Cituro_logodark-grey-blue.jpg\",\"width\":4167,\"height\":4167},{\"@type\":\"BreadcrumbList\",\"@id\":\"https:\/\/www.cituro.com\/help\/einbindung-online-terminbuchung\/terminbuchung-ueber-google\/terminbuchung-im-google-business-profile#breadcrumb\",\"itemListElement\":[{\"@type\":\"ListItem\",\"position\":1,\"name\":\"Startseite\",\"item\":\"https:\/\/www.cituro.com\/help\/\"},{\"@type\":\"ListItem\",\"position\":2,\"name\":\"Einbindung Online-Terminbuchung\",\"item\":\"https:\/\/www.cituro.com\/help\/einbindung-online-terminbuchung\"},{\"@type\":\"ListItem\",\"position\":3,\"name\":\"Terminbuchung \u00fcber Google\",\"item\":\"https:\/\/www.cituro.com\/help\/einbindung-online-terminbuchung\/terminbuchung-ueber-google\"},{\"@type\":\"ListItem\",\"position\":4,\"name\":\"Terminbuchung im Google Unternehmensprofil\"}]},{\"@type\":\"WebSite\",\"@id\":\"https:\/\/www.cituro.com\/help\/#website\",\"url\":\"https:\/\/www.cituro.com\/help\/\",\"name\":\"cituro Helpcenter\",\"description\":\"Eine weitere WordPress-Website\",\"potentialAction\":[{\"@type\":\"SearchAction\",\"target\":{\"@type\":\"EntryPoint\",\"urlTemplate\":\"https:\/\/www.cituro.com\/help\/?s={search_term_string}\"},\"query-input\":{\"@type\":\"PropertyValueSpecification\",\"valueRequired\":true,\"valueName\":\"search_term_string\"}}],\"inLanguage\":\"de\"}]}<\/script>\n<!-- \/ Yoast SEO plugin. -->","yoast_head_json":{"title":"Online-Terminbuchung im Google Unternehmensprofil - cituro Helpcenter","description":"Mit unserer einfachen Anleitung k\u00f6nnen Sie mit cituro \u00fcber Google die Online-Terminbuchung anbieten. Werden Sie \u00fcber Google gefunden und direkt buchbar!","robots":{"index":"index","follow":"follow","max-snippet":"max-snippet:-1","max-image-preview":"max-image-preview:large","max-video-preview":"max-video-preview:-1"},"canonical":"https:\/\/www.cituro.com\/help\/einbindung-online-terminbuchung\/terminbuchung-ueber-google\/terminbuchung-im-google-business-profile","og_locale":"de_DE","og_type":"article","og_title":"Online-Terminbuchung im Google Unternehmensprofil - cituro Helpcenter","og_description":"Mit unserer einfachen Anleitung k\u00f6nnen Sie mit cituro \u00fcber Google die Online-Terminbuchung anbieten. Werden Sie \u00fcber Google gefunden und direkt buchbar!","og_url":"https:\/\/www.cituro.com\/help\/einbindung-online-terminbuchung\/terminbuchung-ueber-google\/terminbuchung-im-google-business-profile","og_site_name":"cituro Helpcenter","article_modified_time":"2025-08-01T21:16:30+00:00","og_image":[{"width":4167,"height":4167,"url":"https:\/\/www.cituro.com\/help\/wp-content\/uploads\/2019\/09\/Cituro_logodark-grey-blue.jpg","type":"image\/jpeg"}],"twitter_card":"summary_large_image","twitter_misc":{"Gesch\u00e4tzte Lesezeit":"4\u00a0Minuten"},"schema":{"@context":"https:\/\/schema.org","@graph":[{"@type":"WebPage","@id":"https:\/\/www.cituro.com\/help\/einbindung-online-terminbuchung\/terminbuchung-ueber-google\/terminbuchung-im-google-business-profile","url":"https:\/\/www.cituro.com\/help\/einbindung-online-terminbuchung\/terminbuchung-ueber-google\/terminbuchung-im-google-business-profile","name":"Online-Terminbuchung im Google Unternehmensprofil - cituro Helpcenter","isPartOf":{"@id":"https:\/\/www.cituro.com\/help\/#website"},"primaryImageOfPage":{"@id":"https:\/\/www.cituro.com\/help\/einbindung-online-terminbuchung\/terminbuchung-ueber-google\/terminbuchung-im-google-business-profile#primaryimage"},"image":{"@id":"https:\/\/www.cituro.com\/help\/einbindung-online-terminbuchung\/terminbuchung-ueber-google\/terminbuchung-im-google-business-profile#primaryimage"},"thumbnailUrl":"https:\/\/www.cituro.com\/help\/wp-content\/uploads\/2019\/09\/Cituro_logodark-grey-blue.jpg","datePublished":"2019-09-03T10:03:57+00:00","dateModified":"2025-08-01T21:16:30+00:00","description":"Mit unserer einfachen Anleitung k\u00f6nnen Sie mit cituro \u00fcber Google die Online-Terminbuchung anbieten. Werden Sie \u00fcber Google gefunden und direkt buchbar!","breadcrumb":{"@id":"https:\/\/www.cituro.com\/help\/einbindung-online-terminbuchung\/terminbuchung-ueber-google\/terminbuchung-im-google-business-profile#breadcrumb"},"inLanguage":"de","potentialAction":[{"@type":"ReadAction","target":["https:\/\/www.cituro.com\/help\/einbindung-online-terminbuchung\/terminbuchung-ueber-google\/terminbuchung-im-google-business-profile"]}]},{"@type":"ImageObject","inLanguage":"de","@id":"https:\/\/www.cituro.com\/help\/einbindung-online-terminbuchung\/terminbuchung-ueber-google\/terminbuchung-im-google-business-profile#primaryimage","url":"https:\/\/www.cituro.com\/help\/wp-content\/uploads\/2019\/09\/Cituro_logodark-grey-blue.jpg","contentUrl":"https:\/\/www.cituro.com\/help\/wp-content\/uploads\/2019\/09\/Cituro_logodark-grey-blue.jpg","width":4167,"height":4167},{"@type":"BreadcrumbList","@id":"https:\/\/www.cituro.com\/help\/einbindung-online-terminbuchung\/terminbuchung-ueber-google\/terminbuchung-im-google-business-profile#breadcrumb","itemListElement":[{"@type":"ListItem","position":1,"name":"Startseite","item":"https:\/\/www.cituro.com\/help\/"},{"@type":"ListItem","position":2,"name":"Einbindung Online-Terminbuchung","item":"https:\/\/www.cituro.com\/help\/einbindung-online-terminbuchung"},{"@type":"ListItem","position":3,"name":"Terminbuchung \u00fcber Google","item":"https:\/\/www.cituro.com\/help\/einbindung-online-terminbuchung\/terminbuchung-ueber-google"},{"@type":"ListItem","position":4,"name":"Terminbuchung im Google Unternehmensprofil"}]},{"@type":"WebSite","@id":"https:\/\/www.cituro.com\/help\/#website","url":"https:\/\/www.cituro.com\/help\/","name":"cituro Helpcenter","description":"Eine weitere WordPress-Website","potentialAction":[{"@type":"SearchAction","target":{"@type":"EntryPoint","urlTemplate":"https:\/\/www.cituro.com\/help\/?s={search_term_string}"},"query-input":{"@type":"PropertyValueSpecification","valueRequired":true,"valueName":"search_term_string"}}],"inLanguage":"de"}]}},"_links":{"self":[{"href":"https:\/\/www.cituro.com\/help\/wp-json\/wp\/v2\/pages\/181","targetHints":{"allow":["GET"]}}],"collection":[{"href":"https:\/\/www.cituro.com\/help\/wp-json\/wp\/v2\/pages"}],"about":[{"href":"https:\/\/www.cituro.com\/help\/wp-json\/wp\/v2\/types\/page"}],"author":[{"embeddable":true,"href":"https:\/\/www.cituro.com\/help\/wp-json\/wp\/v2\/users\/1"}],"replies":[{"embeddable":true,"href":"https:\/\/www.cituro.com\/help\/wp-json\/wp\/v2\/comments?post=181"}],"version-history":[{"count":15,"href":"https:\/\/www.cituro.com\/help\/wp-json\/wp\/v2\/pages\/181\/revisions"}],"predecessor-version":[{"id":12575,"href":"https:\/\/www.cituro.com\/help\/wp-json\/wp\/v2\/pages\/181\/revisions\/12575"}],"up":[{"embeddable":true,"href":"https:\/\/www.cituro.com\/help\/wp-json\/wp\/v2\/pages\/7905"}],"wp:featuredmedia":[{"embeddable":true,"href":"https:\/\/www.cituro.com\/help\/wp-json\/wp\/v2\/media\/391"}],"wp:attachment":[{"href":"https:\/\/www.cituro.com\/help\/wp-json\/wp\/v2\/media?parent=181"}],"curies":[{"name":"wp","href":"https:\/\/api.w.org\/{rel}","templated":true}]}}